en 1607 is divided by o?
9
Let i = 38 + -30. Suppose i*x - x - 49 = 0. What is the remainder when 19 is divided by x?
5
Let w = 4890 + -4847. What is the remainder when ((-26)/(-4))/(6/156) is divided by w?
40
Suppose -q - 86 = -5*q - m, m = -3*q + 65. Let r = -11 + q. Suppose 3*d + 55 = 103. Calculate the remainder when d is divided by r.
6
Suppose 5*n = -v + 152, -2*v - 4*n = -113 - 179. What is the remainder when 203 is divided by v?
61
Suppose 0 = 31*n + 2562 + 1003. Calculate the remainder when (-69)/n - 1064/(-10) is divided by 12.
11
Let q = 299 + -250. Calculate the remainder when 231 is divided by q.
35
Let o(k) = -k**3 + 37*k**2 - 35*k + 61. Calculate the remainder when 100 is divided by o(36).
3
Let y(s) = 2*s**3 + 53*s**2 + 328*s - 12. What is the remainder when 247 is divided by y(-10)?
7
Let c = 5942 - 5500. What is the remainder when c is divided by 6?
4
Suppose -5*f + 5 = 2*h - 2*f, -4*h - 3*f = 5. Let z(w) = -4*w + 32. Calculate the remainder when z(h) is divided by 17.
1
Let p = 409 + -400. Suppose -5*l = -5*n, -2*n - 15 = -7*l + 2*l. Suppose 2*x = -n*d + 3*x + 116, -5*d + 140 = 5*x. What is the remainder when d is divided by p?
6
Let d(k) = 33 - 11*k**3 - 38 - k + 128 + 10*k**3. Let r(h) = -4*h**3 + h**2 - 6*h - 6. What is the remainder when d(0) is divided by r(-2)?
39
Let c(g) = g**3 + 6*g**2 + g - 18. Let v be c(-5). Suppose t = v*b + 31, 5*b - 80 = -2*t - 0*b. What is the remainder when 102 is divided by t?
32
Let q = 4011 + -3986. Calculate the remainder when 114 is divided by q.
14
Let i = -344 - -352. Suppose 0 = -i*h + 257 + 95. What is the remainder when h is divided by 9?
8
Let o = -1100 + 1645. What is the remainder when o is divided by 114?
89
Let a = 109815 + -109810. Suppose -2*z - 2*z - 40 = 0. What is the remainder when (2/10 - 1)*z is divided by a?
3
Let j(h) = 5*h**2 - 33*h - 26. Let d(l) = 15*l**2 - 98*l - 76. Let o(s) = 6*d(s) - 17*j(s). What is the remainder when 25 is divided by o(6)?
1
Let k(j) = 8*j + 7656. Calculate the remainder when k(-54) is divided by 17.
16
Let a(q) = 3*q**2 + q + 5. Let k = -82 - -96. Suppose 3*h + r = 10, h - 39 + k = 4*r. What is the remainder when a(-3) is divided by h?
4
What is the remainder when 283 is divided by 357/4 + (62/8 - (7 + 2))?
19
Suppose 6*j - 108 = -2*h + 3*j, -108 = -2*h - j. Calculate the remainder when 161 is divided by h.
53
Suppose 9*h - 143417 = -54*h + 91825. What is the remainder when h is divided by 101?
98
Suppose 54*l = 44*l - 73*l + 6723. What is the remainder when l is divided by 12?
9
What is the remainder when (3 + (-15)/2)/(2/(-636)) is divided by 32?
23
Let w = 346 + -499. Let k = 227 + w. Suppose -o + 4*n + 25 = 0, -85 = -5*o + 3*n + k. Calculate the remainder when o is divided by 17.
16
Let s be (-1 + 1)/(-6 + 4). Suppose s = t + 3*t - 24. What is the remainder when (-594)/(-46) - (-7)/(2254/28) is divided by t?
1
Let h = 14273 - 11738. What is the remainder when h is divided by 422?
3
Let m = 384 + -375. Suppose -241 - 290 = -m*s. Calculate the remainder when 408 is divided by s.
54
Let c = 21089 + -21032. What is the remainder when 410 is divided by c?
11
Let z = -4439 + 4573. Calculate the remainder when 138 is divided by z.
4
Let z = -4438 + 4488. What is the remainder when 494 is divided by z?
44
Let m(i) = i**2 + 29*i + 39. Let z be m(-5). Calculate the remainder when 157 is divided by 13 - (0 - -8) - z/3.
29
Suppose -24*a = 94*a - 191750. Calculate the remainder when a is divided by 231.
8
Let n be (1 + 0)*(4 - 10). Suppose 923 + 157 = 90*f. What is the remainder when 1 + -2 + 114 + n is divided by f?
11
Calculate the remainder when 22/(-77) + (-1560)/(-70) is divided by 12.
10
Let k = 265 + -184. Let q = -58 + k. Calculate the remainder when 32 is divided by q.
9
Let g = -18 - -9. Let u be (-3)/g*6/(-4)*-148. Let c = -54 + u. What is the remainder when c is divided by 12?
8
Suppose 1440 = -31*l - 10*l + 101*l. Calculate the remainder when 5959 is divided by l.
7
Suppose -28076*g + 28071*g + 2085 = 0. Calculate the remainder when g is divided by 146.
125
Suppose -9*s = -5*s + 8. Calculate the remainder when -24 - -19 - (s + -133) is divided by 19.
16
Suppose 8*u = 6*u + 3*d + 11, 3*u - 29 = 2*d. Suppose 0 = 32*y - u*y - 608. Calculate the remainder when 446 is divided by y.
30
Let p = 327 + -325. Calculate the remainder when (-25730)/(-217) + p*(-4)/14 is divided by 17.
16
Suppose 0 = -0*v + 2*v - 3*o - 39, -o - 76 = -3*v. Let g = 15090 - 15082. Calculate the remainder when v is divided by g.
3
Suppose 30 = t - 2*t. Calculate the remainder when 15 is divided by -5*(114/t - -2).
6
Suppose -7*w + 12*w + 3*m + 21 = 0, 5 = -w - m. Calculate the remainder when 61 is divided by ((-16)/4)/(w*(-6)/(-99)).
17
Suppose -435*f + 17571 = -45069. Calculate the remainder when f is divided by 14.
4
Calculate the remainder when (-320)/6*(-2844)/1185 is divided by 80.
48
Suppose -c = -2*q - 13, -19*c - q = -24*c + 20. Suppose -3*v + v + 2368 = 0. What is the remainder when (v/(-12) + 6)*c/(-2) is divided by 47?
45
Suppose -3*z - 2 = -35. Let h be (z/(-33))/(2/30). Calculate the remainder when -28*h/(-10)*-1 is divided by 10.
4
Let x(m) = -2501*m - 11048. What is the remainder when x(-6) is divided by 38?
6
Let s be (-1)/(3 - 2615/870). Suppose -4*r - 4*d = 200, -2*r = r - 5*d + s. Calculate the remainder when (-1)/(1/r + 0) is divided by 14.
11
Suppose 2*t + 2007 = 39*j - 36*j, -5*t = -2*j + 1338. Calculate the remainder when j is divided by 134.
133
Suppose -199 = -3*a - 2*x, 2*a = -x - 19 + 150. Calculate the remainder when 882 is divided by a.
0
Let s be (4*24/160)/(6/10). Let l(x) = 98*x**3 + 4*x**2 - 4*x. What is the remainder when l(s) is divided by 18?
8
Let v be 18837/(-115) - ((-4)/5 - -1). Let q = v - -231. Suppose -2*y = -8*y + 216. What is the remainder when q is divided by y?
31
Suppose 70*s = 69878 + 157547 + 121805. What is the remainder when s is divided by 48?
45
Suppose -l - 675 = -3*y, 2*y - 3*l - 33 - 424 = 0. Let c = -55 + y. Suppose 0 = -2*z + 7*z - 170. Calculate the remainder when c is divided by z.
33
Suppose 0 = 3*u + 6*u - 1584. Let o = 290 - u. Let j = o + -103. Calculate the remainder when 29 is divided by j.
7
Suppose 0 = -12*s + 15 + 333. Suppose s*x - 240 - 978 = 0. Calculate the remainder when 377 is divided by x.
41
Let c(u) = -2*u**3 + 4*u**2 - u - 4. Let y(l) = -47*l + 1978. Calculate the remainder when c(-4) is divided by y(41).
39
Let j(x) = x**2 - 12*x - 352. Calculate the remainder when 513 is divided by j(-14).
9
Let m be 2/6 - 405280/(-204). Let g = -1967 + m. Let w(o) = 3*o - 1. What is the remainder when g is divided by w(3)?
4
Suppose 0 = -5*i - y + 839, -y - 664 = i - 5*i. Let k = 230 - i. What is the remainder when 248 is divided by k?
59
Suppose -1401 = -3*s - x, 0 = 4*x - 3 - 9. What is the remainder when s is divided by 95?
86
Let c = 5013 - 4785. Calculate the remainder when c is divided by 29.
25
Suppose -18*q + 13*q - 142 = -3*o, 0 = 2*o - 5*q - 88. Calculate the remainder when 75 is divided by o.
21
Suppose 256 = -56*p + 3262 + 1418. Calculate the remainder when 5919 is divided by p.
73
Suppose -4*x - 40 = -h, -x - 6 - 154 = -4*h. Calculate the remainder when 598 is divided by h.
38
Suppose 2*c - 11 = 13. Let v be 2578/26 - c/234*3. Suppose 6*m - v = -3*m. Calculate the remainder when m is divided by 10.
1
What is the remainder when 1550 is divided by (-1052)/((-294)/75 + ((-196)/(-50) - 4))?
235
Suppose -7*l + 2201 = 1991. What is the remainder when 444 is divided by l?
24
Suppose 2*c - 1234 = 4*h, -1310 = -2*c - 2*h - 100. Suppose 5*p = 4*d + c, 15*p = 13*p - 5*d + 270. Calculate the remainder when p is divided by 28.
13
Let w(j) = j + 14. Let i be w(-12). Let d = -37 + 43. What is the remainder when ((-292)/(-16) - i) + 2/(-8) is divided by d?
4
Suppose 0 = -2*u + 4*a - 7 - 1, 7 = -u + 5*a. What is the remainder when 335 is divided by u + 2 + 15 - -2?
12
Let u be -5 - (-3)/6*10. Suppose -15*f - 18 + 198 = u. Calculate the remainder when 43 is divided by f.
7
Suppose 0 = y - s - 1155 - 517, 0 = -4*y + s + 6697. Calculate the remainder when y is divided by 43.
41
Let g(u) = -8*u**3 - 28*u**2 - 4*u - 34. Calculate the remainder when g(-6) is divided by 33.
17
Let a = -49 + 523. Let c be 3 - (-